{"id":737,"date":"2025-10-26T20:35:30","date_gmt":"2025-10-26T20:35:30","guid":{"rendered":"http:\/\/www.demirdoor.com\/?page_id=737"},"modified":"2025-10-27T02:32:56","modified_gmt":"2025-10-27T02:32:56","slug":"otomatik-panjur-sistemleri","status":"publish","type":"page","link":"https:\/\/www.demirdoor.com\/index.php\/otomatik-panjur-sistemleri\/","title":{"rendered":"OTOMAT\u0130K PANJUR S\u0130STEMLER\u0130"},"content":{"rendered":"<div data-colibri-id=\"737-c1\" class=\"style-686 style-local-737-c1 position-relative\">\n  <!---->\n  <div data-colibri-component=\"section\" data-colibri-id=\"737-c2\" id=\"reusable-sections\" class=\"h-section h-section-global-spacing d-flex align-items-lg-center align-items-md-center align-items-center style-1407 style-local-737-c2 position-relative\">\n    <!---->\n    <!---->\n    <div class=\"h-section-grid-container h-section-boxed-container\">\n      <!---->\n      <div data-colibri-id=\"737-c3\" class=\"h-row-container gutters-row-lg-2 gutters-row-md-2 gutters-row-0 gutters-row-v-lg-2 gutters-row-v-md-2 gutters-row-v-2 style-1408 style-local-737-c3 position-relative\">\n        <!---->\n        <div class=\"h-row justify-content-lg-center justify-content-md-center justify-content-center align-items-lg-stretch align-items-md-stretch align-items-stretch gutters-col-lg-2 gutters-col-md-2 gutters-col-0 gutters-col-v-lg-2 gutters-col-v-md-2 gutters-col-v-2\">\n          <!---->\n          <div class=\"h-column h-column-container d-flex h-col-lg-auto h-col-md-auto h-col-auto style-1409-outer style-local-737-c4-outer\">\n            <div data-colibri-id=\"737-c4\" class=\"d-flex h-flex-basis h-column__inner h-px-lg-2 h-px-md-2 h-px-2 v-inner-lg-2 v-inner-md-2 v-inner-2 style-1409 style-local-737-c4 position-relative\">\n              <!---->\n              <!---->\n              <div class=\"w-100 h-y-container h-column__content h-column__v-align flex-basis-100 align-self-lg-start align-self-md-start align-self-start\">\n                <!---->\n                <div data-colibri-id=\"737-c5\" class=\"d-block style-704 style-local-737-c5 position-relative h-element\">\n                  <!---->\n                  <div class=\"h-image__frame-container-outer\">\n                    <div class=\"h-image__frame-container\">\n                      <!---->\n                      <!---->\n                      <img loading=\"lazy\" decoding=\"async\" width=\"1771\" height=\"1349\" src=\"http:\/\/www.demirdoor.com\/wp-content\/uploads\/2025\/10\/cropped-10-1.jpg\" class=\"wp-image-742 style-704-image style-local-737-c5-image\" alt=\"\" srcset=\"https:\/\/www.demirdoor.com\/wp-content\/uploads\/2025\/10\/cropped-10-1.jpg 1771w, https:\/\/www.demirdoor.com\/wp-content\/uploads\/2025\/10\/cropped-10-1-300x229.jpg 300w, https:\/\/www.demirdoor.com\/wp-content\/uploads\/2025\/10\/cropped-10-1-1024x780.jpg 1024w, https:\/\/www.demirdoor.com\/wp-content\/uploads\/2025\/10\/cropped-10-1-768x585.jpg 768w, https:\/\/www.demirdoor.com\/wp-content\/uploads\/2025\/10\/cropped-10-1-1536x1170.jpg 1536w, https:\/\/www.demirdoor.com\/wp-content\/uploads\/2025\/10\/cropped-10-1-1418x1080.jpg 1418w\" sizes=\"(max-width: 1771px) 100vw, 1771px\" \/>\n                      <div class=\"h-image__frame h-hide-sm style-704-frameImage style-local-737-c5-frameImage\"><\/div>\n                    <\/div>\n                  <\/div>\n                <\/div>\n                <div data-colibri-id=\"737-c6\" class=\"h-global-transition-all h-heading style-1411 style-local-737-c6 position-relative h-element\">\n                  <!---->\n                  <div class=\"h-heading__outer style-1411 style-local-737-c6\">\n                    <!---->\n                    <!---->\n                    <h3 class=\"\">MODEREN \u0130PL\u0130 PANJUR (MANUEL)<\/h3>\n                  <\/div>\n                <\/div>\n                <div data-colibri-id=\"737-c7\" class=\"h-text h-text-component style-1412 style-local-737-c7 position-relative h-element\">\n                  <!---->\n                  <!---->\n                  <div class=\"\">\n                    <p>MODEREN panjurlar uzun y\u0131llard\u0131r kullan\u0131lan, sarmal<\/p>\n                    <p>panjur sistemlerinin ilk \u00fcretilen modelleridir. \u0130pli panjur ve<\/p>\n                    <p>Makaral\u0131 panjur diye de bilinir. MODEREN panjurlar\u0131n otomatik<\/p>\n                    <p>panjurlardan tek fark\u0131 motorlu kontrol sistemi kullan\u0131lmadan, ip<\/p>\n                    <p>ve makara sistemiyle elle indirilip kald\u0131r\u0131lmas\u0131d\u0131r. Bunun d\u0131\u015f\u0131nda<\/p>\n                    <p>al\u00fcminyum poli\u00fcretan dolgulu profiller, al\u00fcminyum kutular,<\/p>\n                    <p>al\u00fcminyum yan kapaklar ve al\u00fcminyum dikmeler gibi kullan\u0131lan<\/p>\n                    <p>malzemeler ayn\u0131d\u0131r.<\/p>\n                    <p>\n                      <br>\n                    <\/p>\n                    <p>\n                      <br>\n                    <\/p>\n                  <\/div>\n                <\/div>\n                <div data-colibri-id=\"737-c8\" class=\"h-x-container style-1413 style-local-737-c8 position-relative h-element\">\n                  <!---->\n                  <div class=\"h-x-container-inner style-dynamic-737-c8-group style-1413-spacing style-local-737-c8-spacing\"><span class=\"h-button__outer style-1414-outer style-local-737-c9-outer d-inline-flex h-element\"><a h-use-smooth-scroll=\"true\" href=\"http:\/\/www.demirdoor.com\/index.php\/moderen-ipli-panjur-manuel\/\"  data-colibri-id=\"737-c9\" class=\"d-flex w-100 align-items-center h-button justify-content-lg-center justify-content-md-center justify-content-center style-1414 style-local-737-c9 position-relative\"><!----><!----> <span>DETAYLI \u0130NCELEY\u0130N<\/span><\/a>\n                    <\/span>\n                  <\/div>\n                <\/div>\n              <\/div>\n            <\/div>\n          <\/div>\n          <div class=\"h-column h-column-container d-flex h-col-lg-auto h-col-md-auto h-col-auto style-1415-outer style-local-737-c10-outer\">\n            <div data-colibri-id=\"737-c10\" class=\"d-flex h-flex-basis h-column__inner h-px-lg-2 h-px-md-2 h-px-2 v-inner-lg-2 v-inner-md-2 v-inner-2 style-1415 style-local-737-c10 position-relative\">\n              <!---->\n              <!---->\n              <div class=\"w-100 h-y-container h-column__content h-column__v-align flex-basis-100 align-self-lg-start align-self-md-start align-self-start\">\n                <!---->\n                <div data-colibri-id=\"737-c11\" class=\"d-block style-713 style-local-737-c11 position-relative h-element\">\n                  <!---->\n                  <div class=\"h-image__frame-container-outer\">\n                    <div class=\"h-image__frame-container\">\n                      <!---->\n                      <!---->\n                      <img loading=\"lazy\" decoding=\"async\" width=\"1645\" height=\"1341\" src=\"http:\/\/www.demirdoor.com\/wp-content\/uploads\/2025\/10\/cropped-11-2.jpg\" class=\"wp-image-744 style-713-image style-local-737-c11-image\" alt=\"\" srcset=\"https:\/\/www.demirdoor.com\/wp-content\/uploads\/2025\/10\/cropped-11-2.jpg 1645w, https:\/\/www.demirdoor.com\/wp-content\/uploads\/2025\/10\/cropped-11-2-300x245.jpg 300w, https:\/\/www.demirdoor.com\/wp-content\/uploads\/2025\/10\/cropped-11-2-1024x835.jpg 1024w, https:\/\/www.demirdoor.com\/wp-content\/uploads\/2025\/10\/cropped-11-2-768x626.jpg 768w, https:\/\/www.demirdoor.com\/wp-content\/uploads\/2025\/10\/cropped-11-2-1536x1252.jpg 1536w, https:\/\/www.demirdoor.com\/wp-content\/uploads\/2025\/10\/cropped-11-2-1325x1080.jpg 1325w\" sizes=\"(max-width: 1645px) 100vw, 1645px\" \/>\n                      <div class=\"h-image__frame h-hide-sm style-713-frameImage style-local-737-c11-frameImage\"><\/div>\n                    <\/div>\n                  <\/div>\n                <\/div>\n                <div data-colibri-id=\"737-c12\" class=\"h-global-transition-all h-heading style-1417 style-local-737-c12 position-relative h-element\">\n                  <!---->\n                  <div class=\"h-heading__outer style-1417 style-local-737-c12\">\n                    <!---->\n                    <!---->\n                    <h3 class=\"\">OTOMAT\u0130K PANJUR<\/h3>\n                  <\/div>\n                <\/div>\n                <div data-colibri-id=\"737-c13\" class=\"h-text h-text-component style-1418 style-local-737-c13 position-relative h-element\">\n                  <!---->\n                  <!---->\n                  <div class=\"\">\n                    <p>Otomatik Panjur Sistemleri uzaktan kumanda sayesinde<\/p>\n                    <p>kolayca a\u00e7\u0131l\u0131p &#8211; kapanma imkan\u0131na sahip olan, kullan\u0131ld\u0131\u011f\u0131<\/p>\n                    <p>yap\u0131larda estetik, g\u00fcvenlik, yal\u0131t\u0131m ve konfor gibi \u00f6zellikler<\/p>\n                    <p>sunarak pencerelerin \u00f6rt\u00fclmesini sa\u011flayan mekanizmalar\u0131n<\/p>\n                    <p>genel ad\u0131d\u0131r.\u0130stenilen her yap\u0131ya (binaya) kolayca uygulanabilen<\/p>\n                    <p>ve enerji tasarrufu sa\u011flayan Panjur sistemleri i\u015f hayat\u0131 yo\u011fun olan,<\/p>\n                    <p>hasta veya ya\u015fl\u0131 olan ki\u015filere kullan\u0131m kolayl\u0131\u011f\u0131 sunmaktad\u0131r.<\/p>\n                    <p>\n                      <br>\n                    <\/p>\n                    <p>\n                      <br>\n                    <\/p>\n                  <\/div>\n                <\/div>\n                <div data-colibri-id=\"737-c14\" class=\"h-x-container style-1419 style-local-737-c14 position-relative h-element\">\n                  <!---->\n                  <div class=\"h-x-container-inner style-dynamic-737-c14-group style-1419-spacing style-local-737-c14-spacing\"><span class=\"h-button__outer style-1420-outer style-local-737-c15-outer d-inline-flex h-element\"><a h-use-smooth-scroll=\"true\" href=\"http:\/\/www.demirdoor.com\/index.php\/otomatik-panjur\/\"  data-colibri-id=\"737-c15\" class=\"d-flex w-100 align-items-center h-button justify-content-lg-center justify-content-md-center justify-content-center style-1420 style-local-737-c15 position-relative\"><!----><!----> <span>DETAYLI \u0130NCELEY\u0130N<\/span><\/a>\n                    <\/span>\n                  <\/div>\n                <\/div>\n              <\/div>\n            <\/div>\n          <\/div>\n          <div class=\"h-column h-column-container d-flex h-col-lg-auto h-col-md-auto h-col-auto style-1421-outer style-local-737-c16-outer\">\n            <div data-colibri-id=\"737-c16\" class=\"d-flex h-flex-basis h-column__inner h-px-lg-2 h-px-md-2 h-px-2 v-inner-lg-2 v-inner-md-2 v-inner-2 style-1421 style-local-737-c16 position-relative\">\n              <!---->\n              <!---->\n              <div class=\"w-100 h-y-container h-column__content h-column__v-align flex-basis-100 align-self-lg-start align-self-md-start align-self-start\">\n                <!---->\n                <div data-colibri-id=\"737-c17\" class=\"d-block style-722 style-local-737-c17 position-relative h-element\">\n                  <!---->\n                  <div class=\"h-image__frame-container-outer\">\n                    <div class=\"h-image__frame-container\">\n                      <!---->\n                      <!---->\n                      <img loading=\"lazy\" decoding=\"async\" width=\"1349\" height=\"1349\" src=\"http:\/\/www.demirdoor.com\/wp-content\/uploads\/2025\/10\/cropped-12-1.jpg\" class=\"wp-image-746 style-722-image style-local-737-c17-image\" alt=\"\" srcset=\"https:\/\/www.demirdoor.com\/wp-content\/uploads\/2025\/10\/cropped-12-1.jpg 1349w, https:\/\/www.demirdoor.com\/wp-content\/uploads\/2025\/10\/cropped-12-1-300x300.jpg 300w, https:\/\/www.demirdoor.com\/wp-content\/uploads\/2025\/10\/cropped-12-1-1024x1024.jpg 1024w, https:\/\/www.demirdoor.com\/wp-content\/uploads\/2025\/10\/cropped-12-1-150x150.jpg 150w, https:\/\/www.demirdoor.com\/wp-content\/uploads\/2025\/10\/cropped-12-1-768x768.jpg 768w, https:\/\/www.demirdoor.com\/wp-content\/uploads\/2025\/10\/cropped-12-1-1080x1080.jpg 1080w\" sizes=\"(max-width: 1349px) 100vw, 1349px\" \/>\n                      <div class=\"h-image__frame h-hide-sm style-722-frameImage style-local-737-c17-frameImage\"><\/div>\n                    <\/div>\n                  <\/div>\n                <\/div>\n                <div data-colibri-id=\"737-c18\" class=\"h-global-transition-all h-heading style-1423 style-local-737-c18 position-relative h-element\">\n                  <!---->\n                  <div class=\"h-heading__outer style-1423 style-local-737-c18\">\n                    <!---->\n                    <!---->\n                    <h3 class=\"\">MONOBLOK PANJUR<\/h3>\n                  <\/div>\n                <\/div>\n                <div data-colibri-id=\"737-c19\" class=\"h-text h-text-component style-1424 style-local-737-c19 position-relative h-element\">\n                  <!---->\n                  <!---->\n                  <div class=\"\">\n                    <p>Monoblok panjur sistemleri, d\u0131\u015f cephede mimari esteti\u011fi bozmayan,<\/p>\n                    <p>kutu pay\u0131 d\u00fc\u015f\u00fclerek, do\u011framalar ile birlikte i\u00e7 cepheye monte<\/p>\n                    <p>edilebilecek \u015fekilde tasarlanm\u0131\u015f bir panjur sistemidir.Monoblok<\/p>\n                    <p>Panjurlar her t\u00fcrl\u00fc yeni yap\u0131larda ve tadilatlarda her marka<\/p>\n                    <p>pancerelerin \u00fczerine monte edilebilen, plastik kutulu, yal\u0131t\u0131ml\u0131, son<\/p>\n                    <p>derece estetik ve modern g\u00f6r\u00fcn\u00fcm\u00fc ile g\u00fcvenlik ihtiya\u00e7lar\u0131n\u0131z\u0131n<\/p>\n                    <p>yan\u0131s\u0131ra her t\u00fcrl\u00fc projeye kolayl\u0131kla uyumsa\u011flar.<\/p>\n                  <\/div>\n                <\/div>\n                <div data-colibri-id=\"737-c20\" class=\"h-x-container style-1425 style-local-737-c20 position-relative h-element\">\n                  <!---->\n                  <div class=\"h-x-container-inner style-dynamic-737-c20-group style-1425-spacing style-local-737-c20-spacing\"><span class=\"h-button__outer style-1426-outer style-local-737-c21-outer d-inline-flex h-element\"><a h-use-smooth-scroll=\"true\" href=\"http:\/\/www.demirdoor.com\/index.php\/monoblok-panjur\/\"  data-colibri-id=\"737-c21\" class=\"d-flex w-100 align-items-center h-button justify-content-lg-center justify-content-md-center justify-content-center style-1426 style-local-737-c21 position-relative\"><!----><!----> <span>DETAYLI \u0130NCELEY\u0130N<\/span><\/a>\n                    <\/span>\n                  <\/div>\n                <\/div>\n              <\/div>\n            <\/div>\n          <\/div>\n        <\/div>\n      <\/div>\n    <\/div>\n  <\/div>\n<\/div>","protected":false},"excerpt":{"rendered":"<p>MODEREN \u0130PL\u0130 PANJUR (MANUEL) MODEREN panjurlar uzun y\u0131llard\u0131r kullan\u0131lan, sarmal panjur sistemlerinin ilk [&hellip;]<\/p>\n","protected":false},"author":1,"featured_media":0,"parent":0,"menu_order":0,"comment_status":"closed","ping_status":"closed","template":"page-templates\/full-width-page.php","meta":{"saved_in_kubio":false,"footnotes":""},"class_list":["post-737","page","type-page","status-publish","hentry"],"kubio_ai_page_context":{"short_desc":"","purpose":"general"},"_links":{"self":[{"href":"https:\/\/www.demirdoor.com\/index.php\/wp-json\/wp\/v2\/pages\/737","targetHints":{"allow":["GET"]}}],"collection":[{"href":"https:\/\/www.demirdoor.com\/index.php\/wp-json\/wp\/v2\/pages"}],"about":[{"href":"https:\/\/www.demirdoor.com\/index.php\/wp-json\/wp\/v2\/types\/page"}],"author":[{"embeddable":true,"href":"https:\/\/www.demirdoor.com\/index.php\/wp-json\/wp\/v2\/users\/1"}],"replies":[{"embeddable":true,"href":"https:\/\/www.demirdoor.com\/index.php\/wp-json\/wp\/v2\/comments?post=737"}],"version-history":[{"count":7,"href":"https:\/\/www.demirdoor.com\/index.php\/wp-json\/wp\/v2\/pages\/737\/revisions"}],"predecessor-version":[{"id":1395,"href":"https:\/\/www.demirdoor.com\/index.php\/wp-json\/wp\/v2\/pages\/737\/revisions\/1395"}],"wp:attachment":[{"href":"https:\/\/www.demirdoor.com\/index.php\/wp-json\/wp\/v2\/media?parent=737"}],"curies":[{"name":"wp","href":"https:\/\/api.w.org\/{rel}","templated":true}]}}