{"id":925,"date":"2025-10-26T21:28:13","date_gmt":"2025-10-26T21:28:13","guid":{"rendered":"http:\/\/www.demirdoor.com\/?page_id=925"},"modified":"2025-10-27T03:24:06","modified_gmt":"2025-10-27T03:24:06","slug":"hizli-pvc-kapi-sistemleri","status":"publish","type":"page","link":"https:\/\/www.demirdoor.com\/index.php\/hizli-pvc-kapi-sistemleri\/","title":{"rendered":"HIZLI PVC KAPI S\u0130STEMLER\u0130"},"content":{"rendered":"<div data-colibri-id=\"925-c1\" class=\"style-964 style-local-925-c1 position-relative\">\n  <!---->\n  <div data-colibri-component=\"section\" data-colibri-id=\"925-c2\" id=\"reusable-sections-6\" class=\"h-section h-section-global-spacing d-flex align-items-lg-center align-items-md-center align-items-center style-1354 style-local-925-c2 position-relative\">\n    <!---->\n    <!---->\n    <div class=\"h-section-grid-container h-section-boxed-container\">\n      <!---->\n      <div data-colibri-id=\"925-c3\" class=\"h-row-container gutters-row-lg-2 gutters-row-md-2 gutters-row-0 gutters-row-v-lg-2 gutters-row-v-md-2 gutters-row-v-2 style-1355 style-local-925-c3 position-relative\">\n        <!---->\n        <div class=\"h-row justify-content-lg-center justify-content-md-center justify-content-center align-items-lg-stretch align-items-md-stretch align-items-stretch gutters-col-lg-2 gutters-col-md-2 gutters-col-0 gutters-col-v-lg-2 gutters-col-v-md-2 gutters-col-v-2\">\n          <!---->\n          <div class=\"h-column h-column-container d-flex h-col-lg-auto h-col-md-auto h-col-auto style-1356-outer style-local-925-c4-outer\">\n            <div data-colibri-id=\"925-c4\" class=\"d-flex h-flex-basis h-column__inner h-px-lg-2 h-px-md-2 h-px-2 v-inner-lg-2 v-inner-md-2 v-inner-2 style-1356 style-local-925-c4 position-relative\">\n              <!---->\n              <!---->\n              <div class=\"w-100 h-y-container h-column__content h-column__v-align flex-basis-100 align-self-lg-start align-self-md-start align-self-start\">\n                <!---->\n                <div data-colibri-id=\"925-c5\" class=\"d-block style-973 style-local-925-c5 position-relative h-element\">\n                  <!---->\n                  <div class=\"h-image__frame-container-outer\">\n                    <div class=\"h-image__frame-container\">\n                      <!---->\n                      <!---->\n                      <img loading=\"lazy\" decoding=\"async\" width=\"1343\" height=\"1343\" src=\"http:\/\/www.demirdoor.com\/wp-content\/uploads\/2025\/10\/cropped-60.jpg\" class=\"wp-image-929 style-973-image style-local-925-c5-image\" alt=\"\" srcset=\"https:\/\/www.demirdoor.com\/wp-content\/uploads\/2025\/10\/cropped-60.jpg 1343w, https:\/\/www.demirdoor.com\/wp-content\/uploads\/2025\/10\/cropped-60-300x300.jpg 300w, https:\/\/www.demirdoor.com\/wp-content\/uploads\/2025\/10\/cropped-60-1024x1024.jpg 1024w, https:\/\/www.demirdoor.com\/wp-content\/uploads\/2025\/10\/cropped-60-150x150.jpg 150w, https:\/\/www.demirdoor.com\/wp-content\/uploads\/2025\/10\/cropped-60-768x768.jpg 768w, https:\/\/www.demirdoor.com\/wp-content\/uploads\/2025\/10\/cropped-60-1080x1080.jpg 1080w\" sizes=\"(max-width: 1343px) 100vw, 1343px\" \/>\n                      <div class=\"h-image__frame h-hide-sm style-973-frameImage style-local-925-c5-frameImage\"><\/div>\n                    <\/div>\n                  <\/div>\n                <\/div>\n                <div data-colibri-id=\"925-c6\" class=\"h-global-transition-all h-heading style-1358 style-local-925-c6 position-relative h-element\">\n                  <!---->\n                  <div class=\"h-heading__outer style-1358 style-local-925-c6\">\n                    <!---->\n                    <!---->\n                    <h3 class=\"\">SARMAL MODEL PVC KAPI ROLL<\/h3>\n                  <\/div>\n                <\/div>\n                <div data-colibri-id=\"925-c7\" class=\"h-text h-text-component style-1359 style-local-925-c7 position-relative h-element\">\n                  <!---->\n                  <!---->\n                  <div class=\"\">\n                    <p>H\u0131zl\u0131 PVC sarmal kap\u0131lar, modern i\u015fletmelerin \u00fcretim ve lojistik<\/p>\n                    <p>s\u00fcre\u00e7lerinde zaman, enerji ve g\u00fcvenlik a\u00e7\u0131s\u0131ndan b\u00fcy\u00fck avantajlar<\/p>\n                    <p>sa\u011flayan y\u00fcksek performansl\u0131 ge\u00e7i\u015f sistemleridir. G\u00fcn\u00fcm\u00fczde<\/p>\n                    <p>\u00f6zellikle sanayi tesisleri, g\u0131da ve ila\u00e7 \u00fcretim alanlar\u0131, depolar,<\/p>\n                    <p>lojistik merkezleri gibi yo\u011fun trafi\u011fin ya\u015fand\u0131\u011f\u0131 yerlerde, standart<\/p>\n                    <p>kap\u0131lar\u0131n yetersiz kald\u0131\u011f\u0131 durumlarda h\u0131zl\u0131 PVC kap\u0131lar<\/p>\n                    <p>tercih edilmektedir.<\/p>\n                  <\/div>\n                <\/div>\n                <div data-colibri-id=\"925-c8\" class=\"h-x-container style-1360 style-local-925-c8 position-relative h-element\">\n                  <!---->\n                  <div class=\"h-x-container-inner style-dynamic-925-c8-group style-1360-spacing style-local-925-c8-spacing\"><span class=\"h-button__outer style-1361-outer style-local-925-c9-outer d-inline-flex h-element\"><a h-use-smooth-scroll=\"true\" href=\"http:\/\/www.demirdoor.com\/index.php\/sarmal-model-pvc-kapi-roll\/\"  data-colibri-id=\"925-c9\" class=\"d-flex w-100 align-items-center h-button justify-content-lg-center justify-content-md-center justify-content-center style-1361 style-local-925-c9 position-relative\"><!----><!----> <span>DETAYLI \u0130NCELEY\u0130N<\/span><\/a>\n                    <\/span>\n                  <\/div>\n                <\/div>\n              <\/div>\n            <\/div>\n          <\/div>\n          <div class=\"h-column h-column-container d-flex h-col-lg-auto h-col-md-auto h-col-auto style-1362-outer style-local-925-c10-outer\">\n            <div data-colibri-id=\"925-c10\" class=\"d-flex h-flex-basis h-column__inner h-px-lg-2 h-px-md-2 h-px-2 v-inner-lg-2 v-inner-md-2 v-inner-2 style-1362 style-local-925-c10 position-relative\">\n              <!---->\n              <!---->\n              <div class=\"w-100 h-y-container h-column__content h-column__v-align flex-basis-100 align-self-lg-start align-self-md-start align-self-start\">\n                <!---->\n                <div data-colibri-id=\"925-c11\" class=\"d-block style-982 style-local-925-c11 position-relative h-element\">\n                  <!---->\n                  <div class=\"h-image__frame-container-outer\">\n                    <div class=\"h-image__frame-container\">\n                      <!---->\n                      <!---->\n                      <img loading=\"lazy\" decoding=\"async\" width=\"1362\" height=\"1362\" src=\"http:\/\/www.demirdoor.com\/wp-content\/uploads\/2025\/10\/cropped-61.jpg\" class=\"wp-image-931 style-982-image style-local-925-c11-image\" alt=\"\" srcset=\"https:\/\/www.demirdoor.com\/wp-content\/uploads\/2025\/10\/cropped-61.jpg 1362w, https:\/\/www.demirdoor.com\/wp-content\/uploads\/2025\/10\/cropped-61-300x300.jpg 300w, https:\/\/www.demirdoor.com\/wp-content\/uploads\/2025\/10\/cropped-61-1024x1024.jpg 1024w, https:\/\/www.demirdoor.com\/wp-content\/uploads\/2025\/10\/cropped-61-150x150.jpg 150w, https:\/\/www.demirdoor.com\/wp-content\/uploads\/2025\/10\/cropped-61-768x768.jpg 768w, https:\/\/www.demirdoor.com\/wp-content\/uploads\/2025\/10\/cropped-61-1080x1080.jpg 1080w\" sizes=\"(max-width: 1362px) 100vw, 1362px\" \/>\n                      <div class=\"h-image__frame h-hide-sm style-982-frameImage style-local-925-c11-frameImage\"><\/div>\n                    <\/div>\n                  <\/div>\n                <\/div>\n                <div data-colibri-id=\"925-c12\" class=\"h-global-transition-all h-heading style-1364 style-local-925-c12 position-relative h-element\">\n                  <!---->\n                  <div class=\"h-heading__outer style-1364 style-local-925-c12\">\n                    <!---->\n                    <!---->\n                    <h3 class=\"\">KATLANIR MODEL PVC KAPI FLEX<\/h3>\n                  <\/div>\n                <\/div>\n                <div data-colibri-id=\"925-c13\" class=\"h-text h-text-component style-1365 style-local-925-c13 position-relative h-element\">\n                  <!---->\n                  <!---->\n                  <div class=\"\">\n                    <p>H\u0131zl\u0131 PVC katlan\u0131r kap\u0131, sanayi tesisleri, \u00fcretim alanlar\u0131, depo giri\u015fleri<\/p>\n                    <p>ve hijyenik ortamlar gibi yo\u011fun ge\u00e7i\u015f trafi\u011fine sahip alanlar i\u00e7in<\/p>\n                    <p>geli\u015ftirilmi\u015f, y\u00fcksek performansl\u0131 ve uzun \u00f6m\u00fcrl\u00fc bir kap\u0131 sistemidir.<\/p>\n                    <p>Modern otomasyon sistemleriyle entegre \u00e7al\u0131\u015fabilmesi, \u00e7arpmalara<\/p>\n                    <p>kar\u015f\u0131 dayan\u0131kl\u0131 yap\u0131s\u0131, enerji ve zaman tasarrufu sa\u011flamas\u0131 gibi bir\u00e7ok<\/p>\n                    <p>avantaja sahiptir. H\u0131zl\u0131 a\u00e7\u0131l\u0131p kapanma \u00f6zelli\u011fi sayesinde \u00fcretim<\/p>\n                    <p>s\u00fcreklili\u011fini desteklerken, r\u00fczgar profilleri ve kaliteli PVC brandas\u0131<\/p>\n                    <p>sayesinde \u0131s\u0131, toz ve ses yal\u0131t\u0131m\u0131 da sa\u011flar.<\/p>\n                  <\/div>\n                <\/div>\n                <div data-colibri-id=\"925-c14\" class=\"h-x-container style-1366 style-local-925-c14 position-relative h-element\">\n                  <!---->\n                  <div class=\"h-x-container-inner style-dynamic-925-c14-group style-1366-spacing style-local-925-c14-spacing\"><span class=\"h-button__outer style-1367-outer style-local-925-c15-outer d-inline-flex h-element\"><a h-use-smooth-scroll=\"true\" href=\"http:\/\/www.demirdoor.com\/index.php\/katlanir-model-pvc-kapi-flex\/\"  data-colibri-id=\"925-c15\" class=\"d-flex w-100 align-items-center h-button justify-content-lg-center justify-content-md-center justify-content-center style-1367 style-local-925-c15 position-relative\"><!----><!----> <span>DETAYLI \u0130NCELEY\u0130N<\/span><\/a>\n                    <\/span>\n                  <\/div>\n                <\/div>\n              <\/div>\n            <\/div>\n          <\/div>\n          <div class=\"h-column h-column-container d-flex h-col-lg-auto h-col-md-auto h-col-auto style-1368-outer style-local-925-c16-outer\">\n            <div data-colibri-id=\"925-c16\" class=\"d-flex h-flex-basis h-column__inner h-px-lg-2 h-px-md-2 h-px-2 v-inner-lg-2 v-inner-md-2 v-inner-2 style-1368 style-local-925-c16 position-relative\">\n              <!---->\n              <!---->\n              <div class=\"w-100 h-y-container h-column__content h-column__v-align flex-basis-100 align-self-lg-start align-self-md-start align-self-start\">\n                <!---->\n                <div data-colibri-id=\"925-c17\" class=\"d-block style-991 style-local-925-c17 position-relative h-element\">\n                  <!---->\n                  <div class=\"h-image__frame-container-outer\">\n                    <div class=\"h-image__frame-container\">\n                      <!---->\n                      <!---->\n                      <img loading=\"lazy\" decoding=\"async\" width=\"1343\" height=\"1343\" src=\"http:\/\/www.demirdoor.com\/wp-content\/uploads\/2025\/10\/cropped-62.jpg\" class=\"wp-image-933 style-991-image style-local-925-c17-image\" alt=\"\" srcset=\"https:\/\/www.demirdoor.com\/wp-content\/uploads\/2025\/10\/cropped-62.jpg 1343w, https:\/\/www.demirdoor.com\/wp-content\/uploads\/2025\/10\/cropped-62-300x300.jpg 300w, https:\/\/www.demirdoor.com\/wp-content\/uploads\/2025\/10\/cropped-62-1024x1024.jpg 1024w, https:\/\/www.demirdoor.com\/wp-content\/uploads\/2025\/10\/cropped-62-150x150.jpg 150w, https:\/\/www.demirdoor.com\/wp-content\/uploads\/2025\/10\/cropped-62-768x768.jpg 768w, https:\/\/www.demirdoor.com\/wp-content\/uploads\/2025\/10\/cropped-62-1080x1080.jpg 1080w\" sizes=\"(max-width: 1343px) 100vw, 1343px\" \/>\n                      <div class=\"h-image__frame h-hide-sm style-991-frameImage style-local-925-c17-frameImage\"><\/div>\n                    <\/div>\n                  <\/div>\n                <\/div>\n                <div data-colibri-id=\"925-c18\" class=\"h-global-transition-all h-heading style-1370 style-local-925-c18 position-relative h-element\">\n                  <!---->\n                  <div class=\"h-heading__outer style-1370 style-local-925-c18\">\n                    <!---->\n                    <!---->\n                    <h3 class=\"\">FERMUARLI SARMAL MODEL PVC KAPI Z\u0130PPER ROLL<\/h3>\n                  <\/div>\n                <\/div>\n                <div data-colibri-id=\"925-c19\" class=\"h-text h-text-component style-1371 style-local-925-c19 position-relative h-element\">\n                  <!---->\n                  <!---->\n                  <div class=\"\">\n                    <p>Kendini Tamir Eden Fermuarl\u0131 Branda Kap\u0131:<\/p>\n                    <p>Kendini tamir eden fermuarl\u0131 branda kap\u0131, \u00e7arpmalara kar\u015f\u0131 otomatik<\/p>\n                    <p>onar\u0131m sa\u011flayan, y\u00fcksek g\u00fcvenlik ve d\u00fc\u015f\u00fck bak\u0131m maliyeti sunan modern<\/p>\n                    <p>bir h\u0131zl\u0131 kap\u0131 sistemidir. \u00d6zellikle yo\u011fun trafik alanlar\u0131nda tercih edilen<\/p>\n                    <p>bu kap\u0131 t\u00fcr\u00fc, i\u015f ak\u0131\u015f\u0131n\u0131 durdurmaz ve servis ihtiyac\u0131n\u0131 minimuma indirir.<\/p>\n                    <p>Fermuarl\u0131 yap\u0131s\u0131, esnek perde teknolojisi ve sessiz \u00e7al\u0131\u015fma \u00f6zelli\u011fiyle bir\u00e7ok<\/p>\n                    <p>sekt\u00f6rde en \u00e7ok tercih edilen \u00e7\u00f6z\u00fcmler aras\u0131ndad\u0131r.<\/p>\n                  <\/div>\n                <\/div>\n                <div data-colibri-id=\"925-c20\" class=\"h-x-container style-1372 style-local-925-c20 position-relative h-element\">\n                  <!---->\n                  <div class=\"h-x-container-inner style-dynamic-925-c20-group style-1372-spacing style-local-925-c20-spacing\"><span class=\"h-button__outer style-1373-outer style-local-925-c21-outer d-inline-flex h-element\"><a h-use-smooth-scroll=\"true\" href=\"http:\/\/www.demirdoor.com\/index.php\/fermuarli-sarmal-model-pvc-kapi-zipper-roll\/\"  data-colibri-id=\"925-c21\" class=\"d-flex w-100 align-items-center h-button justify-content-lg-center justify-content-md-center justify-content-center style-1373 style-local-925-c21 position-relative\"><!----><!----> <span>DETAYLI \u0130NCELEY\u0130N<\/span><\/a>\n                    <\/span>\n                  <\/div>\n                <\/div>\n              <\/div>\n            <\/div>\n          <\/div>\n        <\/div>\n      <\/div>\n      <div data-colibri-id=\"925-c22\" class=\"h-row-container gutters-row-lg-2 gutters-row-md-2 gutters-row-0 gutters-row-v-lg-2 gutters-row-v-md-2 gutters-row-v-2 style-1374 style-local-925-c22 position-relative\">\n        <!---->\n        <div class=\"h-row justify-content-lg-center justify-content-md-center justify-content-center align-items-lg-stretch align-items-md-stretch align-items-stretch gutters-col-lg-2 gutters-col-md-2 gutters-col-0 gutters-col-v-lg-2 gutters-col-v-md-2 gutters-col-v-2\">\n          <!---->\n          <div class=\"h-column h-column-container d-flex h-col-lg-auto h-col-md-auto h-col-auto style-1375-outer style-local-925-c23-outer\">\n            <div data-colibri-id=\"925-c23\" class=\"d-flex h-flex-basis h-column__inner h-px-lg-2 h-px-md-2 h-px-2 v-inner-lg-2 v-inner-md-2 v-inner-2 style-1375 style-local-925-c23 position-relative\">\n              <!---->\n              <!---->\n              <div class=\"w-100 h-y-container h-column__content h-column__v-align flex-basis-100 align-self-lg-start align-self-md-start align-self-start\">\n                <!---->\n                <div data-colibri-id=\"925-c24\" class=\"d-block style-1000 style-local-925-c24 position-relative h-element\">\n                  <!---->\n                  <div class=\"h-image__frame-container-outer\">\n                    <div class=\"h-image__frame-container\">\n                      <!---->\n                      <!---->\n                      <img loading=\"lazy\" decoding=\"async\" width=\"1346\" height=\"1346\" src=\"http:\/\/www.demirdoor.com\/wp-content\/uploads\/2025\/10\/cropped-63.jpg\" class=\"wp-image-935 style-1000-image style-local-925-c24-image\" alt=\"\" srcset=\"https:\/\/www.demirdoor.com\/wp-content\/uploads\/2025\/10\/cropped-63.jpg 1346w, https:\/\/www.demirdoor.com\/wp-content\/uploads\/2025\/10\/cropped-63-300x300.jpg 300w, https:\/\/www.demirdoor.com\/wp-content\/uploads\/2025\/10\/cropped-63-1024x1024.jpg 1024w, https:\/\/www.demirdoor.com\/wp-content\/uploads\/2025\/10\/cropped-63-150x150.jpg 150w, https:\/\/www.demirdoor.com\/wp-content\/uploads\/2025\/10\/cropped-63-768x768.jpg 768w, https:\/\/www.demirdoor.com\/wp-content\/uploads\/2025\/10\/cropped-63-1080x1080.jpg 1080w\" sizes=\"(max-width: 1346px) 100vw, 1346px\" \/>\n                      <div class=\"h-image__frame h-hide-sm style-1000-frameImage style-local-925-c24-frameImage\"><\/div>\n                    <\/div>\n                  <\/div>\n                <\/div>\n                <div data-colibri-id=\"925-c25\" class=\"h-global-transition-all h-heading style-1377 style-local-925-c25 position-relative h-element\">\n                  <!---->\n                  <div class=\"h-heading__outer style-1377 style-local-925-c25\">\n                    <!---->\n                    <!---->\n                    <h3 class=\"\">MOD\u00dcLER SARMAL MODEL PVC KAPI MOD ROLL<\/h3>\n                  <\/div>\n                <\/div>\n                <div data-colibri-id=\"925-c26\" class=\"h-text h-text-component style-1378 style-local-925-c26 position-relative h-element\">\n                  <!---->\n                  <!---->\n                  <div class=\"\">\n                    <p>H\u0131zl\u0131 PVC sarmal kap\u0131 modelleri, kompakt yap\u0131s\u0131 sayesinde<\/p>\n                    <p>dar alanlara dahi kolayl\u0131kla monte edilebilir. A\u00e7\u0131l\u0131rken sarmal \u015fekilde<\/p>\n                    <p>yukar\u0131ya toplanan mekanizmas\u0131 sayesinde alandan tasarruf sa\u011flar.<\/p>\n                    <p>Uzaktan kumanda,radar, buton ya da kartl\u0131 ge\u00e7i\u015f sistemleriyle<\/p>\n                    <p>entegre \u00e7al\u0131\u015fabilmesi sayesinde kullan\u0131m esnekli\u011fi sunar. Bu da<\/p>\n                    <p>onu sadece \u00fcretim alanlar\u0131nda de\u011fil, so\u011fuk hava depolar\u0131, temiz<\/p>\n                    <p>odalar ve depo b\u00f6lmeleri gibi stratejik alanlarda da vazge\u00e7ilmez<\/p>\n                    <p>bir \u00e7\u00f6z\u00fcm haline getirir.<\/p>\n                  <\/div>\n                <\/div>\n                <div data-colibri-id=\"925-c27\" class=\"h-x-container style-1379 style-local-925-c27 position-relative h-element\">\n                  <!---->\n                  <div class=\"h-x-container-inner style-dynamic-925-c27-group style-1379-spacing style-local-925-c27-spacing\"><span class=\"h-button__outer style-1380-outer style-local-925-c28-outer d-inline-flex h-element\"><a h-use-smooth-scroll=\"true\" href=\"http:\/\/www.demirdoor.com\/index.php\/moduler-sarmal-model-pvc-kapi-mod-roll\/\"  data-colibri-id=\"925-c28\" class=\"d-flex w-100 align-items-center h-button justify-content-lg-center justify-content-md-center justify-content-center style-1380 style-local-925-c28 position-relative\"><!----><!----> <span>DETAYLI \u0130NCELEY\u0130N<\/span><\/a>\n                    <\/span>\n                  <\/div>\n                <\/div>\n              <\/div>\n            <\/div>\n          <\/div>\n          <div class=\"h-column h-column-container d-flex h-col-lg-auto h-col-md-auto h-col-auto style-1381-outer style-local-925-c29-outer\">\n            <div data-colibri-id=\"925-c29\" class=\"d-flex h-flex-basis h-column__inner h-px-lg-2 h-px-md-2 h-px-2 v-inner-lg-2 v-inner-md-2 v-inner-2 style-1381 style-local-925-c29 position-relative\">\n              <!---->\n              <!---->\n              <div class=\"w-100 h-y-container h-column__content h-column__v-align flex-basis-100 align-self-lg-start align-self-md-start align-self-start\">\n                <!---->\n                <div data-colibri-id=\"925-c30\" class=\"d-block style-1009 style-local-925-c30 position-relative h-element\">\n                  <!---->\n                  <div class=\"h-image__frame-container-outer\">\n                    <div class=\"h-image__frame-container\">\n                      <!---->\n                      <!---->\n                      <img loading=\"lazy\" decoding=\"async\" width=\"1343\" height=\"1343\" src=\"http:\/\/www.demirdoor.com\/wp-content\/uploads\/2025\/10\/cropped-64.jpg\" class=\"wp-image-937 style-1009-image style-local-925-c30-image\" alt=\"\" srcset=\"https:\/\/www.demirdoor.com\/wp-content\/uploads\/2025\/10\/cropped-64.jpg 1343w, https:\/\/www.demirdoor.com\/wp-content\/uploads\/2025\/10\/cropped-64-300x300.jpg 300w, https:\/\/www.demirdoor.com\/wp-content\/uploads\/2025\/10\/cropped-64-1024x1024.jpg 1024w, https:\/\/www.demirdoor.com\/wp-content\/uploads\/2025\/10\/cropped-64-150x150.jpg 150w, https:\/\/www.demirdoor.com\/wp-content\/uploads\/2025\/10\/cropped-64-768x768.jpg 768w, https:\/\/www.demirdoor.com\/wp-content\/uploads\/2025\/10\/cropped-64-1080x1080.jpg 1080w\" sizes=\"(max-width: 1343px) 100vw, 1343px\" \/>\n                      <div class=\"h-image__frame h-hide-sm style-1009-frameImage style-local-925-c30-frameImage\"><\/div>\n                    <\/div>\n                  <\/div>\n                <\/div>\n                <div data-colibri-id=\"925-c31\" class=\"h-global-transition-all h-heading style-1383 style-local-925-c31 position-relative h-element\">\n                  <!---->\n                  <div class=\"h-heading__outer style-1383 style-local-925-c31\">\n                    <!---->\n                    <!---->\n                    <h3 class=\"\">YALITIMLI SARMAL MODEL PVC KAPI FREEZER ROLL<\/h3>\n                  <\/div>\n                <\/div>\n                <div data-colibri-id=\"925-c32\" class=\"h-text h-text-component style-1384 style-local-925-c32 position-relative h-element\">\n                  <!---->\n                  <!---->\n                  <div class=\"\">\n                    <p>H\u0131zl\u0131 Pvc \u0130zolasyonlu h\u0131zl\u0131 so\u011fuk oda kap\u0131s\u0131; H\u0131zl\u0131 a\u00e7\u0131lan ve \u0131s\u0131 kayb\u0131n\u0131<\/p>\n                    <p>minimum d\u00fczeyde tutan so\u011fuk oda kap\u0131s\u0131,otomatik olarak h\u0131zl\u0131<\/p>\n                    <p>a\u00e7\u0131l\u0131p kapanmas\u0131 sayesinde yo\u011fun trafi\u011fin oldu\u011fu kullan\u0131m<\/p>\n                    <p>alanlar\u0131nda kap\u0131 ge\u00e7i\u015fi esnas\u0131nda personelin daha az zaman<\/p>\n                    <p>kaybetmesine olanak vermektedir.<\/p>\n                  <\/div>\n                <\/div>\n                <div data-colibri-id=\"925-c33\" class=\"h-x-container style-1385 style-local-925-c33 position-relative h-element\">\n                  <!---->\n                  <div class=\"h-x-container-inner style-dynamic-925-c33-group style-1385-spacing style-local-925-c33-spacing\"><span class=\"h-button__outer style-1386-outer style-local-925-c34-outer d-inline-flex h-element\"><a h-use-smooth-scroll=\"true\" href=\"http:\/\/www.demirdoor.com\/index.php\/yalitimli-sarmal-model-pvc-kapi-freezer-roll\/\"  data-colibri-id=\"925-c34\" class=\"d-flex w-100 align-items-center h-button justify-content-lg-center justify-content-md-center justify-content-center style-1386 style-local-925-c34 position-relative\"><!----><!----> <span>DETAYLI \u0130NCELEY\u0130N<\/span><\/a>\n                    <\/span>\n                  <\/div>\n                <\/div>\n              <\/div>\n            <\/div>\n          <\/div>\n        <\/div>\n      <\/div>\n    <\/div>\n  <\/div>\n<\/div>","protected":false},"excerpt":{"rendered":"<p>SARMAL MODEL PVC KAPI ROLL H\u0131zl\u0131 PVC sarmal kap\u0131lar, modern i\u015fletmelerin \u00fcretim ve [&hellip;]<\/p>\n","protected":false},"author":1,"featured_media":0,"parent":0,"menu_order":0,"comment_status":"closed","ping_status":"closed","template":"page-templates\/full-width-page.php","meta":{"saved_in_kubio":false,"footnotes":""},"class_list":["post-925","page","type-page","status-publish","hentry"],"kubio_ai_page_context":{"short_desc":"","purpose":"general"},"_links":{"self":[{"href":"https:\/\/www.demirdoor.com\/index.php\/wp-json\/wp\/v2\/pages\/925","targetHints":{"allow":["GET"]}}],"collection":[{"href":"https:\/\/www.demirdoor.com\/index.php\/wp-json\/wp\/v2\/pages"}],"about":[{"href":"https:\/\/www.demirdoor.com\/index.php\/wp-json\/wp\/v2\/types\/page"}],"author":[{"embeddable":true,"href":"https:\/\/www.demirdoor.com\/index.php\/wp-json\/wp\/v2\/users\/1"}],"replies":[{"embeddable":true,"href":"https:\/\/www.demirdoor.com\/index.php\/wp-json\/wp\/v2\/comments?post=925"}],"version-history":[{"count":8,"href":"https:\/\/www.demirdoor.com\/index.php\/wp-json\/wp\/v2\/pages\/925\/revisions"}],"predecessor-version":[{"id":1715,"href":"https:\/\/www.demirdoor.com\/index.php\/wp-json\/wp\/v2\/pages\/925\/revisions\/1715"}],"wp:attachment":[{"href":"https:\/\/www.demirdoor.com\/index.php\/wp-json\/wp\/v2\/media?parent=925"}],"curies":[{"name":"wp","href":"https:\/\/api.w.org\/{rel}","templated":true}]}}