{"id":951,"date":"2025-10-26T21:32:38","date_gmt":"2025-10-26T21:32:38","guid":{"rendered":"http:\/\/www.demirdoor.com\/?page_id=951"},"modified":"2025-10-27T03:28:05","modified_gmt":"2025-10-27T03:28:05","slug":"bahce-kapisi-otomosyon-sistemleri","status":"publish","type":"page","link":"https:\/\/www.demirdoor.com\/index.php\/bahce-kapisi-otomosyon-sistemleri\/","title":{"rendered":"BAH\u00c7E KAPISI OTOMOSYON S\u0130STEMLER\u0130"},"content":{"rendered":"<div data-colibri-id=\"951-c1\" class=\"style-1010 style-local-951-c1 position-relative\">\n  <!---->\n  <div data-colibri-component=\"section\" data-colibri-id=\"951-c2\" id=\"reusable-sections-3\" class=\"h-section h-section-global-spacing d-flex align-items-lg-center align-items-md-center align-items-center style-1142 style-local-951-c2 position-relative\">\n    <!---->\n    <!---->\n    <div class=\"h-section-grid-container h-section-boxed-container\">\n      <!---->\n      <div data-colibri-id=\"951-c3\" class=\"h-row-container gutters-row-lg-2 gutters-row-md-2 gutters-row-0 gutters-row-v-lg-2 gutters-row-v-md-2 gutters-row-v-2 style-1143 style-local-951-c3 position-relative\">\n        <!---->\n        <div class=\"h-row justify-content-lg-center justify-content-md-center justify-content-center align-items-lg-stretch align-items-md-stretch align-items-stretch gutters-col-lg-2 gutters-col-md-2 gutters-col-0 gutters-col-v-lg-2 gutters-col-v-md-2 gutters-col-v-2\">\n          <!---->\n          <div class=\"h-column h-column-container d-flex h-col-lg-auto h-col-md-auto h-col-auto style-1144-outer style-local-951-c4-outer\">\n            <div data-colibri-id=\"951-c4\" class=\"d-flex h-flex-basis h-column__inner h-px-lg-2 h-px-md-2 h-px-2 v-inner-lg-2 v-inner-md-2 v-inner-2 style-1144 style-local-951-c4 position-relative\">\n              <!---->\n              <!---->\n              <div class=\"w-100 h-y-container h-column__content h-column__v-align flex-basis-100 align-self-lg-start align-self-md-start align-self-start\">\n                <!---->\n                <div data-colibri-id=\"951-c5\" class=\"d-block style-1019 style-local-951-c5 position-relative h-element\">\n                  <!---->\n                  <div class=\"h-image__frame-container-outer\">\n                    <div class=\"h-image__frame-container\">\n                      <!---->\n                      <!---->\n                      <img loading=\"lazy\" decoding=\"async\" width=\"1343\" height=\"1343\" src=\"http:\/\/www.demirdoor.com\/wp-content\/uploads\/2025\/10\/cropped-66.jpg\" class=\"wp-image-955 style-1019-image style-local-951-c5-image\" alt=\"\" srcset=\"https:\/\/www.demirdoor.com\/wp-content\/uploads\/2025\/10\/cropped-66.jpg 1343w, https:\/\/www.demirdoor.com\/wp-content\/uploads\/2025\/10\/cropped-66-300x300.jpg 300w, https:\/\/www.demirdoor.com\/wp-content\/uploads\/2025\/10\/cropped-66-1024x1024.jpg 1024w, https:\/\/www.demirdoor.com\/wp-content\/uploads\/2025\/10\/cropped-66-150x150.jpg 150w, https:\/\/www.demirdoor.com\/wp-content\/uploads\/2025\/10\/cropped-66-768x768.jpg 768w, https:\/\/www.demirdoor.com\/wp-content\/uploads\/2025\/10\/cropped-66-1080x1080.jpg 1080w\" sizes=\"(max-width: 1343px) 100vw, 1343px\" \/>\n                      <div class=\"h-image__frame h-hide-sm style-1019-frameImage style-local-951-c5-frameImage\"><\/div>\n                    <\/div>\n                  <\/div>\n                <\/div>\n                <div data-colibri-id=\"951-c6\" class=\"h-global-transition-all h-heading style-1146 style-local-951-c6 position-relative h-element\">\n                  <!---->\n                  <div class=\"h-heading__outer style-1146 style-local-951-c6\">\n                    <!---->\n                    <!---->\n                    <h3 class=\"\">KANATLI BAH\u00c7E KAPI<\/h3>\n                  <\/div>\n                <\/div>\n                <div data-colibri-id=\"951-c7\" class=\"h-text h-text-component style-1147 style-local-951-c7 position-relative h-element\">\n                  <!---->\n                  <!---->\n                  <div class=\"\">\n                    <p>Kanatl\u0131 bah\u00e7e kap\u0131s\u0131, genellikle \u00f6zel m\u00fclklerin, villalar\u0131n, sitelerin<\/p>\n                    <p>veya i\u015f yerlerinin giri\u015finde g\u00fcvenlik ve estetik ama\u00e7l\u0131 kullan\u0131lan<\/p>\n                    <p>bir kap\u0131 t\u00fcr\u00fcd\u00fcr. \u0130ki kanattan olu\u015fur ve bu kanatlar merkezi bir<\/p>\n                    <p>noktadan d\u0131\u015fa do\u011fru a\u00e7\u0131larak giri\u015f ve \u00e7\u0131k\u0131\u015f\u0131 sa\u011flar.Kanatl\u0131 kap\u0131lar,<\/p>\n                    <p>manuel olarak kullan\u0131labilece\u011fi gibi, daha fazla konfor ve g\u00fcvenlik<\/p>\n                    <p>i\u00e7in otomatik kap\u0131 motorlar\u0131 ile de donat\u0131labilir.<\/p>\n                    <p>\n                      <br>\n                    <\/p>\n                  <\/div>\n                <\/div>\n                <div data-colibri-id=\"951-c8\" class=\"h-x-container style-1148 style-local-951-c8 position-relative h-element\">\n                  <!---->\n                  <div class=\"h-x-container-inner style-dynamic-951-c8-group style-1148-spacing style-local-951-c8-spacing\"><span class=\"h-button__outer style-1149-outer style-local-951-c9-outer d-inline-flex h-element\"><a h-use-smooth-scroll=\"true\" href=\"http:\/\/www.demirdoor.com\/index.php\/kanatli-bahce-kapi\/\"  data-colibri-id=\"951-c9\" class=\"d-flex w-100 align-items-center h-button justify-content-lg-center justify-content-md-center justify-content-center style-1149 style-local-951-c9 position-relative\"><!----><!----> <span>DETAYLI \u0130NCELEY\u0130N<\/span><\/a>\n                    <\/span>\n                  <\/div>\n                <\/div>\n              <\/div>\n            <\/div>\n          <\/div>\n          <div class=\"h-column h-column-container d-flex h-col-lg-auto h-col-md-auto h-col-auto style-1150-outer style-local-951-c10-outer\">\n            <div data-colibri-id=\"951-c10\" class=\"d-flex h-flex-basis h-column__inner h-px-lg-2 h-px-md-2 h-px-2 v-inner-lg-2 v-inner-md-2 v-inner-2 style-1150 style-local-951-c10 position-relative\">\n              <!---->\n              <!---->\n              <div class=\"w-100 h-y-container h-column__content h-column__v-align flex-basis-100 align-self-lg-start align-self-md-start align-self-start\">\n                <!---->\n                <div data-colibri-id=\"951-c11\" class=\"d-block style-1028 style-local-951-c11 position-relative h-element\">\n                  <!---->\n                  <div class=\"h-image__frame-container-outer\">\n                    <div class=\"h-image__frame-container\">\n                      <!---->\n                      <!---->\n                      <img loading=\"lazy\" decoding=\"async\" width=\"1470\" height=\"1344\" src=\"http:\/\/www.demirdoor.com\/wp-content\/uploads\/2025\/10\/cropped-65.jpg\" class=\"wp-image-957 style-1028-image style-local-951-c11-image\" alt=\"\" srcset=\"https:\/\/www.demirdoor.com\/wp-content\/uploads\/2025\/10\/cropped-65.jpg 1470w, https:\/\/www.demirdoor.com\/wp-content\/uploads\/2025\/10\/cropped-65-300x274.jpg 300w, https:\/\/www.demirdoor.com\/wp-content\/uploads\/2025\/10\/cropped-65-1024x936.jpg 1024w, https:\/\/www.demirdoor.com\/wp-content\/uploads\/2025\/10\/cropped-65-768x702.jpg 768w, https:\/\/www.demirdoor.com\/wp-content\/uploads\/2025\/10\/cropped-65-1181x1080.jpg 1181w\" sizes=\"(max-width: 1470px) 100vw, 1470px\" \/>\n                      <div class=\"h-image__frame h-hide-sm style-1028-frameImage style-local-951-c11-frameImage\"><\/div>\n                    <\/div>\n                  <\/div>\n                <\/div>\n                <div data-colibri-id=\"951-c12\" class=\"h-global-transition-all h-heading style-1152 style-local-951-c12 position-relative h-element\">\n                  <!---->\n                  <div class=\"h-heading__outer style-1152 style-local-951-c12\">\n                    <!---->\n                    <!---->\n                    <h3 class=\"\">KAYAR BAH\u00c7E KAPI<\/h3>\n                  <\/div>\n                <\/div>\n                <div data-colibri-id=\"951-c13\" class=\"h-text h-text-component style-1153 style-local-951-c13 position-relative h-element\">\n                  <!---->\n                  <!---->\n                  <div class=\"\">\n                    <p>Bah\u00e7e kap\u0131 sistemleri sayesinde hava \u015fartlar\u0131 ne olursa olsun<\/p>\n                    <p>evinize, apartman\u0131n\u0131za veya i\u015f yerinize arac\u0131n\u0131zdan inmeden ve<\/p>\n                    <p>g\u00fcvenle giri\u015f \u00e7\u0131k\u0131\u015f yapman\u0131z\u0131 sa\u011flar. Bu otomatik sistem size konfor,<\/p>\n                    <p>g\u00f6n\u00fcl rahatl\u0131\u011f\u0131 ve g\u00fcven verdi\u011finden, giri\u015f ve \u00e7\u0131k\u0131\u015f\u0131n fazla oldu\u011fu<\/p>\n                    <p>durumlarda kullan\u0131lacak sistemdir. Kap\u0131, h\u0131zl\u0131 a\u00e7\u0131lma h\u0131z\u0131 sayesinde<\/p>\n                    <p>y\u00fcksek trafik yo\u011funluklar\u0131nda g\u00fcvenli bir \u015fekilde \u00e7al\u0131\u015f\u0131r, bu da<\/p>\n                    <p>insanlar\u0131n i\u00e7inden kesintisiz ve gecikmesiz ge\u00e7mesini sa\u011flar.<\/p>\n                    <p>\n                      <br>\n                    <\/p>\n                  <\/div>\n                <\/div>\n                <div data-colibri-id=\"951-c14\" class=\"h-x-container style-1154 style-local-951-c14 position-relative h-element\">\n                  <!---->\n                  <div class=\"h-x-container-inner style-dynamic-951-c14-group style-1154-spacing style-local-951-c14-spacing\"><span class=\"h-button__outer style-1155-outer style-local-951-c15-outer d-inline-flex h-element\"><a h-use-smooth-scroll=\"true\" href=\"http:\/\/www.demirdoor.com\/index.php\/kayar-bahce-kapi\/\"  data-colibri-id=\"951-c15\" class=\"d-flex w-100 align-items-center h-button justify-content-lg-center justify-content-md-center justify-content-center style-1155 style-local-951-c15 position-relative\"><!----><!----> <span>DETAYLI \u0130NCELEY\u0130N<\/span><\/a>\n                    <\/span>\n                  <\/div>\n                <\/div>\n              <\/div>\n            <\/div>\n          <\/div>\n        <\/div>\n      <\/div>\n    <\/div>\n  <\/div>\n<\/div>","protected":false},"excerpt":{"rendered":"<p>KANATLI BAH\u00c7E KAPI Kanatl\u0131 bah\u00e7e kap\u0131s\u0131, genellikle \u00f6zel m\u00fclklerin, villalar\u0131n, sitelerin veya i\u015f [&hellip;]<\/p>\n","protected":false},"author":1,"featured_media":0,"parent":0,"menu_order":0,"comment_status":"closed","ping_status":"closed","template":"page-templates\/full-width-page.php","meta":{"saved_in_kubio":false,"footnotes":""},"class_list":["post-951","page","type-page","status-publish","hentry"],"kubio_ai_page_context":{"short_desc":"","purpose":"general"},"_links":{"self":[{"href":"https:\/\/www.demirdoor.com\/index.php\/wp-json\/wp\/v2\/pages\/951","targetHints":{"allow":["GET"]}}],"collection":[{"href":"https:\/\/www.demirdoor.com\/index.php\/wp-json\/wp\/v2\/pages"}],"about":[{"href":"https:\/\/www.demirdoor.com\/index.php\/wp-json\/wp\/v2\/types\/page"}],"author":[{"embeddable":true,"href":"https:\/\/www.demirdoor.com\/index.php\/wp-json\/wp\/v2\/users\/1"}],"replies":[{"embeddable":true,"href":"https:\/\/www.demirdoor.com\/index.php\/wp-json\/wp\/v2\/comments?post=951"}],"version-history":[{"count":4,"href":"https:\/\/www.demirdoor.com\/index.php\/wp-json\/wp\/v2\/pages\/951\/revisions"}],"predecessor-version":[{"id":1744,"href":"https:\/\/www.demirdoor.com\/index.php\/wp-json\/wp\/v2\/pages\/951\/revisions\/1744"}],"wp:attachment":[{"href":"https:\/\/www.demirdoor.com\/index.php\/wp-json\/wp\/v2\/media?parent=951"}],"curies":[{"name":"wp","href":"https:\/\/api.w.org\/{rel}","templated":true}]}}